at is 1101442331 (base 5) in base 15?
31d946
Convert -12001112021101 (base 3) to base 15.
-38137d
Convert -b26ae (base 16) to base 6.
-23355154
What is -15333403 (base 10) in base 9?
-31760424
What is 26446253 (base 7) in base 10?
2432006
What is 626302 (base 8) in base 16?
32cc2
-100570 (base 9) to base 8
-164175
Convert -226842 (base 13) to base 12.
-3332a0
Convert -2848a (base 13) to base 7.
-433040
Convert -623039 (base 11) to base 15.
-14b2b8
-28a461b (base 12) to base 14
-112c355
-12123313003 (base 4) to base 2
-110011011110111000011
Convert -136714 (base 16) to base 10.
-1271572
What is -e16237 (base 16) in base 15?
-146b7b3
-4954 (base 12) to base 2
-10000001010000
What is -110012202002 (base 3) in base 7?
-2020553
100011010110000111010 (base 2) to base 15
17d287
Convert 3213023323 (base 4) to base 14.
1a9147
What is 11311012332 (base 4) in base 2?
101110101000110111110
85c648 (base 13) to base 11
185562a
Convert 1a0be0 (base 15) to base 11.
79699a
What is -11001100110100000111000 (base 2) in base 11?
-387437a
Convert -1166777 (base 8) to base 6.
-10531411
Convert -1015302 (base 7) to base 5.
-12400124
Convert 53814 (base 11) to base 16.
13165
What is 210020121121101 (base 3) in base 14?
16dc85b
What is 228013 (base 10) in base 8?
675255
Convert 1100111010100000101000 (base 2) to base 12.
1173174
What is 11110011011101001111010 (base 2) in base 8?
36335172
Convert 1053453 (base 6) to base 8.
151311
What is -1270606 (base 8) in base 10?
-356742
-11043141 (base 5) to base 9
-156542
9762 (base 12) to base 5
1013014
What is -1588281 (base 10) in base 12?
-647189
Convert 95224 (base 13) to base 4.
1001201302
What is 5051042 (base 6) in base 8?
724602
Convert -14de5 (base 16) to base 11.
-59247
Convert 44603220 (base 7) to base 2.
1110110000000001111111
Convert -668b95 (base 12) to base 6.
-54555505
-804322 (base 15) to base 16
-5ce9f7
What is -1333201 (base 6) in base 8?
-221541
Convert -611703 (base 9) to base 14.
-95da2
What is 8abc6 (base 13) in base 15?
4ec1e
4fad8 (base 16) to base 15
66a75
72261235 (base 8) to base 7
244002140
What is -151f7 (base 16) in base 5?
-10232034
What is -193d9 (base 16) in base 7?
-610262
Convert 2562643 (base 7) to base 6.
11101434
What is -3011215 (base 6) in base 4?
-202203323
Convert 1001001011101110011 (base 2) to base 13.
a6c74
100001021022120 (base 3) to base 14
8d2278
Convert 2055414 (base 11) to base 6.
205355213
-2240240 (base 5) to base 16
-9c86
What is -401423 (base 8) in base 14?
-360a7
Convert -43ba25 (base 14) to base 7.
-25352545
What is -177168 (base 10) in base 3?
-100000000210
-32122203002 (base 4) to base 5
-1431410004
What is 110f7c (base 16) in base 11?
6a4033
What is 112310132 (base 4) in base 6?
2000422
2243555 (base 7) to base 9
465762
212102112212202 (base 3) to base 14
19214d9
Convert -29754 (base 14) to base 4.
-121020332
What is 3613520 (base 8) in base 4?
3301131100
What is 13728b (base 15) in base 2?
11100100011000100000
-1406504 (base 8) to base 10
-396612
What is -51fa5 (base 16) in base 2?
-1010001111110100101
Convert -690472 (base 12) to base 16.
-19a396
-1760 (base 11) to base 16
-8c4
Convert 118989 (base 12) to base 11.
184a73
Convert 3c27c9 (base 14) to base 8.
7741335
What is -43240024 (base 5) in base 8?
-1317013
511015 (base 6) to base 5
2243103
Convert 1e1a (base 15) to base 6.
50154
Convert -44033514 (base 6) to base 2.
-101000000000101110110
Convert 2cd9c3 (base 16) to base 6.
143000003
86762 (base 11) to base 15
2751e
3113 (base 7) to base 3
1111022
-ba468a (base 12) to base 5
-1223434034
Convert -c61870 (base 13) to base 8.
-21523772
Convert -101000010110100001 (base 2) to base 7.
-1255604
Convert 6a93b (base 12) to base 13.
50150
What is -e5149 (base 16) in base 12?
-393009
What is -404440435 (base 6) in base 10?
-6941543
Convert 26af (base 16) to base 4.
2122233
-74775 (base 14) to base 4
-1010230103
Convert -2582836 (base 12) to base 6.
-422153310
Convert -1100000000111010100 (base 2) to base 7.
-3226524
Convert 1047456 (base 8) to base 9.
470353
Convert -12011221220 (base 3) to base 15.
-20370
Convert -210001212021 (base 3) to base 10.
-414700
What is 31240123 (base 6) in base 16?
dd7f3
Convert -427a71 (base 11) to base 15.
-d7a61
a5aa (base 11) to base 6
144551
What is -3acd5 (base 14) in base 8?
-433513
10000110001101101 (base 2) to base 14
1b085
What is 5b4c0 (base 13) in base 6?
3332512
470776 (base 15) to base 3
20101102002110
Convert -1d6952 (base 14) to base 2.
-100000001101100101100
What is -142340220 (base 6) in base 13?
-7b387c
Convert 221286 (base 9) to base 2.
100000010001011101
Convert -11353320 (base 6) to base 11.
-224389
What is -110111022211012 (base 3) in base 15?
-8b2452
-41ba6 (base 13) to base 14
-3123a
Convert 183675 (base 9) to base 16.
1be66
-12105211 (base 6) to base 9
-642227
Convert -1010010010001001101101 (base 2) to base 4.
-22102021231
Convert 12110412 (base 6) to base 11.
2413a2
Convert 203023332 (base 4) to base 12.
6b4a6
Convert 1023244033 (base 5) to base 8.
10205416
Convert 540084 (base 10) to base 4.
2003312310
Convert -5030511 (base 6) to base 13.
-84061
What is -1737644 (base 8) in base 11?
-317588
1e65d2 (base 16) to base 12
800a42
What is 10110002001 (base 3) in base 5?
4132402
-1e252d (base 15) to base 9
-2688667
What is -b99049 (base 12) in base 16?
-2cd9f9
3351b8 (base 14) to base 3
10021112200002
Convert -11421202 (base 5) to base 16.
-1a49d
-41113142 (base 5) to base 9
-555738
-10101001001101100010 (base 2) to base 4
-2221031202
-24adb (base 16) to base 2
-100100101011011011
-afd9 (base 16) to base 9
-67668
Convert 2642230 (base 7) to base 13.
c1978
What is -18606b (base 14) in base 13?
-2422b6
-447227 (base 10) to base 12
-19698b
Convert -101121102200 (base 3) to base 13.
-74073
Convert -1003003 (base 10) to base 4.
-3310313323
Convert 1111110010011101100 (base 2) to base 8.
1762354
Convert 136671 (base 9) to base 15.
19bc1
-59da (base 15) to base 6
-224241
-3441400 (base 6) to base 2
-101011000111101000
What is -6614 (base 14) in base 4?
-10103322
Convert 211122212220 (base 3) to base 9.
748786
Convert -45384 (base 10) to base 8.
-130510
What is 1ce137 (base 15) in base 6?
50152054
What is 10221001221 (base 3) in base 14?
20274
What is 460e1 (base 16) in base 9?
476547
-1342b4 (base 14) to base 9
-1222582
What is -22403632 (base 7) in base 11?
-1112869
Convert 1313411 (base 7) to base 4.
221322320
-3012322203 (base 4) to base 13
-226b06
What is -110101000100010111 (base 2) in base 6?
-4354155
13104200 (base 5) to base 2
11111011010100011
541125223 (base 6) to base 12
3259813
What is -20566 (base 16) in base 5?
-13214304
-1434312015 (base 6) to base 11
-a090235
What is 31b645 (base 13) in base 16?
11d13e
Convert -1644221 (base 8) to base 5.
-110233304
What is 110613625 (base 7) in base 15?
8c3154
Convert -461d0 (base 14) to base 10.
-170506
What is -840289 (base 12) in base 13?
-57801c
Convert -880738 (base 9) to base 11.
-329891
Convert -799273 (base 10) to base 15.
-10bc4d
-31041335 (base 7) to base 14
-4b8d1c
What is 1311133 (base 4) in base 2?
1110101011111
1656cb1 (base 13) to base 3
111120110000000
What is -40595 (base 14) in base 2?
-100101110010010111
Convert -14925663 (base 10) to base 7.
-240603024
What is 11101111010100011100 (base 2) in base 14?
1b7340
-670801 (base 12) to base 4
-12100032001
-101201112201 (base 3) to base 6
-4305114
-1323565 (base 9) to base 6
-23305305
206c22 (base 14) to base 12
44947a
Convert -6b1551 (base 14) to base 11.
-2075876
Convert -102222103033 (base 4) to base 12.
-177ab27
Convert -233013022 (base 4) to base 16.
-2f1ca
Convert 1c9a1 (base 14) to base 16.
11e21
-1220100002020 (base 3) to base 6
-33354010
Convert 1185612 (base 9) to base 4.
2131333100
What is -a7163 (base 12) in base 4?
-311220123
Convert 1374445 (base 8) to base 2.
1011111100100100101
88506 (base 9) to base 12
29ba3
Convert 41b101 (base 13) to base 12.
622106
What is 43104414 (base 5) in base 13?
c9376
What is -1553222 (base 7) in base 16?
-34730
Convert -221359 (base 15) to base 7.
-16543041
-1673268 (base 9) to base 8
-3440271
687470 (base 9) to base 8
1445160
13525555 (base 6) to base 14
c087d
4325 (base 12) to base 15
22b8
Convert -86762 (base 10) to base 15.
-1aa92
Convert 1101010102001 (base 3) t